What is the ten millions digit of 733531913?
3
What is the units digit of 63990080?
0
What is the thousands digit of 384684881?
4
What is the thousands digit of 270629078?
9
What is the ten thousands digit of 3247774767?
7
What is the tens digit of 3503967845?
4
What is the billions digit of 2247714278?
2
What is the hundreds digit of 157363316?
3
What is the hundreds digit of 677738717?
7
What is the units digit of 1976090154?
4
What is the units digit of 326878591?
1
What is the millions digit of 43610289?
3
What is the hundred thousands digit of 1925563269?
5
What is the millions digit of 71064368?
1
What is the units digit of 44385605?
5
What is the hundred thousands digit of 30501270?
5
What is the millions digit of 60947380?
0
What is the ten thousands digit of 974093322?
9
What is the ten millions digit of 54869792?
5
What is the billions digit of 6468446597?
6
What is the hundred thousands digit of 53822594?
8
What is the ten millions digit of 106800313?
0
What is the units digit of 3351670?
0
What is the ten thousands digit of 2882089031?
8
What is the ten millions digit of 13292634?
1
What is the units digit of 84271787?
7
What is the hundred millions digit of 4485434175?
4
What is the units digit of 1816842603?
3
What is the hundred millions digit of 185074892?
1
What is the thousands digit of 200675269?
5
What is the tens digit of 529137425?
2
What is the tens digit of 95270497?
9
What is the hundred thousands digit of 4184851061?
8
What is the units digit of 220630765?
5
What is the hundred thousands digit of 2180227528?
2
What is the millions digit of 1577249195?
7
What is the hundred millions digit of 215050934?
2
What is the ten millions digit of 61078554?
6
What is the hundred thousands digit of 5929728?
9
What is the hundred thousands digit of 48305010?
3
What is the hundred thousands digit of 469385810?
3
What is the hundred thousands digit of 8430929?
4
What is the millions digit of 816606467?
6
What is the hundred thousands digit of 10877855?
8
What is the hundred thousands digit of 2063060305?
0
What is the millions digit of 3556682278?
6
What is the thousands digit of 5270643?
0
What is the ten millions digit of 11356274?
1
What is the hundreds digit of 4234719945?
9
What is the billions digit of 1032201312?
1
What is the billions digit of 1212461022?
1
What is the thousands digit of 205940933?
0
What is the thousands digit of 7262019966?
9
What is the tens digit of 18000394?
9
What is the units digit of 90765056?
6
What is the hundred thousands digit of 18018402?
0
What is the millions digit of 2213496177?
3
What is the tens digit of 5843382009?
0
What is the hundred millions digit of 110270482?
1
What is the millions digit of 1027449214?
7
What is the hundred thousands digit of 46283178?
2
What is the ten millions digit of 240890774?
4
What is the tens digit of 25189885?
8
What is the hundred millions digit of 1076203966?
0
What is the hundred millions digit of 180582311?
1
What is the hundred thousands digit of 10698723?
6
What is the units digit of 4301463099?
9
What is the thousands digit of 49043085?
3
What is the units digit of 195531774?
4
What is the hundred thousands digit of 217008872?
0
What is the millions digit of 216722652?
6
What is the ten millions digit of 58028636?
5
What is the ten thousands digit of 2553481851?
8
What is the units digit of 966299923?
3
What is the hundred thousands digit of 4912869?
9
What is the hundred thousands digit of 96691249?
6
What is the hundred thousands digit of 60776692?
7
What is the hundred thousands digit of 257635275?
6
What is the units digit of 58651119?
9
What is the ten millions digit of 651818134?
5
What is the units digit of 76971531?
1
What is the ten millions digit of 14889468?
1
What is the units digit of 75584467?
7
What is the ten millions digit of 91297765?
9
What is the hundreds digit of 1475060175?
1
What is the units digit of 849735316?
6
What is the millions digit of 2592354777?
2
What is the ten millions digit of 113900132?
1
What is the ten thousands digit of 187534313?
3
What is the thousands digit of 67436624?
6
What is the ten thousands digit of 74469045?
6
What is the thousands digit of 2515526646?
6
What is the ten millions digit of 42545138?
4
What is the millions digit of 2414977415?
4
What is the ten thousands digit of 1080954514?
5
What is the hundred millions digit of 115222230?
1
What is the hundred thousands digit of 128771025?
7
What is the hundreds digit of 417799764?
7
What is the hundred millions digit of 5566458607?
5
What is the units digit of 114148242?
2
What is the hundred thousands digit of 44977603?
9
What is the ten thousands digit of 885435768?
3
What is the hundred thousands digit of 73145151?
1
What is the ten thousands digit of 165238222?
3
What is the units digit of 1251038738?
8
What is the hundred millions digit of 1257581968?
2
What is the units digit of 228331125?
5
What is the ten millions digit of 245803807?
4
What is the hundreds digit of 1442254208?
2
What is the hundreds digit of 1879541000?
0
What is the tens digit of 173501490?
9
What is the thousands digit of 1347553460?
3
What is the hundred thousands digit of 647074422?
0
What is the billions digit of 4729917159?
4
What is the hundreds digit of 2208367500?
5
What is the units digit of 2773988781?
1
What is the hundred thousands digit of 6195280?
1
What is the ten thousands digit of 2485286313?
8
What is the hundred thousands digit of 69046490?
0
What is the thousands digit of 26907612?
7
What is the hundreds digit of 2969101792?
7
What is the tens digit of 464686761?
6
What is the ten millions digit of 428428684?
2
What is the ten millions digit of 24778765?
2
What is the ten millions digit of 640423271?
4
What is the hundred thousands digit of 1951102379?
1
What is the ten millions digit of 92263821?
9
What is the ten millions digit of 118262168?
1
What is the thousands digit of 156112540?
2
What is the millions digit of 67403933?
7
What is the ten thousands digit of 5477614491?
1
What is the ten millions digit of 599867678?
9
What is the ten millions digit of 381104096?
8
What is the ten thousands digit of 690640?
9
What is the hundred thousands digit of 165817643?
8
What is the ten millions digit of 24095825?
2
What is the tens digit of 749738831?
3
What is the thousands digit of 36711142?
1
What is the hundreds digit of 6860818?
8
What is the hundreds digit of 3254268422?
4
What is the millions digit of 858876186?
8
What is the units digit of 78841608?
8
What is the hundred thousands digit of 386473292?
4
What is the ten thousands digit of 1958954126?
5
What is the hundreds digit of 2258759725?
7
What is the ten millions digit of 239603382?
3
What is the billions digit of 2751186856?
2
What is the hundred thousands digit of 122960680?
9
What is the tens digit of 3015301885?
8
What is the thousands digit of 3791120924?
0
What is the thousands digit of 2080185998?
5
What is the millions digit of 22419830?
2
What is the hundred thousands digit of 180860245?
8
What is the units digit of 119390643?
3
What is the tens digit of 622675683?
8
What is the ten millions digit of 562085716?
6
What is the thousands digit of 29606928?
6
What is the ten millions digit of 35415130?
3
What is the hundred thousands digit of 45855285?
8
What is the hundred millions digit of 3493770332?
4
What is the billions digit of 1167512877?
1
What is the hundred thousands digit of 232460732?
4
What is the millions digit of 383604683?
3
What is the hundred millions digit of 825560554?
8
What is the thousands digit of 203185925?
5
What is the hundreds digit of 300664363?
3
What is the hundred millions digit of 739234795?
7
What is the thousands digit of 73633537?
3
What is the hundreds digit of 2178354?
3
What is the thousands digit of 32796743?
6
What is the tens digit of 75029374?
7
What is the tens digit of 859090124?
2
What is the units digit of 65096375?
5
What is the hundred millions digit of 268654135?
2
What is the tens digit of 2892618687?
8
What is the tens digit of 1697040945?
4
What is the tens digit of 1820991127?
2
What is the thousands digit of 797090787?
0
What is the thousands digit of 197281804?
1
What is the ten thousands digit of 3063676229?
7
What is the hundred